 -2 + 130?
122
In base 4, what is 0 - -12020?
12020
In base 3, what is -1110120 - 11?
-1110201
In base 12, what is 402a - -3?
4031
In base 14, what is 1 - -5d9?
5da
In base 11, what is 178 + 0?
178
In base 10, what is 33 - 83?
-50
In base 16, what is 6 + -187?
-181
In base 14, what is -c - 4b?
-59
In base 13, what is -207 - 13?
-21a
In base 14, what is -99 + 1?
-98
In base 5, what is -11 - 303?
-314
In base 9, what is -550 - -20?
-530
In base 11, what is 6039 - -4?
6042
In base 3, what is 1 + -12021?
-12020
In base 16, what is 2 + 7f?
81
In base 5, what is 144 + 12?
211
In base 3, what is 120 + 12?
202
In base 9, what is -50 - 86?
-146
In base 3, what is 1112010 + 2?
1112012
In base 8, what is -30 + -332?
-362
In base 9, what is 3 + 71?
74
In base 3, what is -102 + 102111?
102002
In base 3, what is -10 - 11012?
-11022
In base 15, what is -2 + -20d3?
-20d5
In base 6, what is -32 - 154?
-230
In base 16, what is -2 - 109?
-10b
In base 6, what is 5 + -205?
-200
In base 7, what is 4 + 2?
6
In base 9, what is -12 + -13?
-25
In base 15, what is -a + -2?
-c
In base 14, what is 3 - 360?
-35b
In base 14, what is -b + 29?
1c
In base 12, what is -16 + 6?
-10
In base 13, what is 108 - 5?
103
In base 3, what is -10 - 22212?
-22222
In base 4, what is 11 + -303033?
-303022
In base 5, what is 204224 + 1?
204230
In base 10, what is -341 + 5?
-336
In base 4, what is -21000 - 10?
-21010
In base 15, what is -1699 + 0?
-1699
In base 16, what is 11f - -1?
120
In base 12, what is -5 - 190?
-195
In base 16, what is -8 + -596?
-59e
In base 9, what is 2 - 635?
-633
In base 15, what is 4c - -1?
4d
In base 8, what is 1107 - 76?
1011
In base 5, what is -14 + -3?
-22
In base 15, what is -b8a - 4?
-b8e
In base 4, what is -2 + 331?
323
In base 15, what is 1c0 - -a?
1ca
In base 2, what is -10111111 - 1001?
-11001000
In base 4, what is 2 + 21232?
21300
In base 12, what is -3700 + -3?
-3703
In base 12, what is 1802 - -3?
1805
In base 2, what is -1001010011 + 100?
-1001001111
In base 6, what is -42 + 3?
-35
In base 13, what is 4b - 41?
a
In base 16, what is 3 - 31?
-2e
In base 11, what is -5435 - 0?
-5435
In base 5, what is -23 - 0?
-23
In base 6, what is -31 - -3410?
3335
In base 16, what is 5cd + -2?
5cb
In base 3, what is 0 + 1001112?
1001112
In base 8, what is -1 - -14060?
14057
In base 4, what is -2 - 20010?
-20012
In base 14, what is 5c + 5b?
b9
In base 9, what is 0 + -2775?
-2775
In base 15, what is -1d2 - -17?
-1ba
In base 11, what is -36 + -5?
-40
In base 16, what is 2d + 3?
30
In base 4, what is 1 - -1112?
1113
In base 11, what is 5 + 366?
370
In base 6, what is -3 - -304?
301
In base 2, what is -10 - -10111?
10101
In base 4, what is 10 - 1221?
-1211
In base 12, what is 6 + -130?
-126
In base 8, what is 5 - 206?
-201
In base 14, what is -2 - 798?
-79a
In base 6, what is -20 + 4433?
4413
In base 8, what is -505 + -2?
-507
In base 13, what is 22 + 29c?
2c1
In base 12, what is 890 - -5?
895
In base 14, what is 9 - 43?
-38
In base 10, what is -84 - 8?
-92
In base 11, what is -14 + 2?
-12
In base 15, what is b - -126?
132
In base 6, what is -1 - -3034?
3033
In base 9, what is 6 + 13?
20
In base 14, what is -4 + -226?
-22a
In base 5, what is 120 + -101?
14
In base 8, what is -1 - 3?
-4
In base 16, what is 8 - 35?
-2d
In base 10, what is 1 + -856?
-855
In base 16, what is -c90 + 2?
-c8e
In base 8, what is 4 - 17?
-13
In base 14, what is -7 + 98?
91
In base 13, what is -a74 - -2?
-a72
In base 8, what is -3 - 616?
-621
In base 12, what is 27a - -9?
287
In base 10, what is 61 - 4?
57
In base 10, what is -2 - 537?
-539
In base 4, what is -11 - -12201?
12130
In base 13, what is -1 + 94?
93
In base 4, what is 1 + 1103?
1110
In base 3, what is 11 + 1021?
1102
In base 4, what is 3 + -221?
-212
In base 10, what is -623 - 0?
-623
In base 11, what is -5 + -58?
-62
In base 15, what is -42 - 9?
-4b
In base 5, what is 2220 - -101?
2321
In base 4, what is 110 + -230?
-120
In base 7, what is -1060 - -4?
-1053
In base 11, what is 57 + 35?
91
In base 7, what is 5 - -531?
536
In base 15, what is 17 - 3c?
-25
In base 2, what is -1000110 - 10?
-1001000
In base 9, what is 7281 + -4?
7276
In base 11, what is 72a + a?
739
In base 16, what is 2046 + -4?
2042
In base 8, what is -44 - -1?
-43
In base 11, what is 6195 - -3?
6198
In base 3, what is 10 + 102101022?
102101102
In base 2, what is 10 + 1100110?
1101000
In base 12, what is 169 + 23?
190
In base 16, what is 3 + 1?
4
In base 11, what is -71 - 6?
-77
In base 2, what is -10 - -110?
100
In base 16, what is -1 - -79?
78
In base 5, what is 121 - 10?
111
In base 15, what is -3 + 73b?
738
In base 7, what is 2666 - 5?
2661
In base 11, what is -823 - -6?
-818
In base 16, what is 6 + -1c?
-16
In base 7, what is 102 - -43?
145
In base 12, what is -3 + 6a?
67
In base 4, what is -103330 - -1?
-103323
In base 4, what is 2033 + 3?
2102
In base 15, what is 159 + -1?
158
In base 11, what is -19 + 5?
-14
In base 7, what is -30 - 15?
-45
In base 15, what is 264 + -7?
25c
In base 15, what is d32 - 2?
d30
In base 13, what is 435 + 0?
435
In base 8, what is 47763 + 0?
47763
In base 2, what is -10101010000 + -1?
-10101010001
In base 3, what is -11121 + -22101?
-110222
In base 16, what is -3 + -166?
-169
In base 2, what is -101111001 - 100000?
-110011001
In base 9, what is -84 + -4?
-88
In base 9, what is 104 + -14?
80
In base 9, what is 5 - 6183?
-6177
In base 13, what is 0 - -2a4?
2a4
In base 15, what is a + 6?
11
In base 15, what is 1b + -1?
1a
In base 6, what is 0 + -21113?
-21113
In base 14, what is 175 + -1?
174
In base 9, what is 1 - 245?
-244
In base 2, what is 1010 + -10011110?
-10010100
In base 15, what is -415 + 5?
-410
In base 13, what is 238 + -3?
235
In base 7, what is 3 - -61?
64
In base 6, what is 3551 - 5?
3542
In base 5, what is 4010 + -1?
4004
In base 2, what is -100001 - -100?
-11101
In base 14, what is 2 + c3?
c5
In base 10, what is 0 + -35?
-35
In base 3, what is 211000 + -10?
210220
In base 16, what is 5 + ada?
adf
In base 5, what is 12 + -204?
-142
In base 10, what is 10 + 2?
12
In base 8, what is 5 + 61?
66
In base 4, what is 100 + -102313?
-102213
In base 2, what is 111000 + 1010?
1000010
In base 11, what is 0 - 16a?
-16a
In base 11, what is 9 + 6?
14
In base 13, what is 14 - 3?
11
In base 5, what is -3 - 10?
-13
In base 16, what is -4 - 22?
-26
In base 2, what is -1110100110 - 100?
-1110101010
In base 14, what is -866 - 5?
-86b
In base 14, what is 396 - 7?
38d
In base 14, what is -5 - -294?
28d
In base 3, what is 10 + -100220222?
-100220212
In base 12, what is 796 - 1?
795
In base 13, what is -12 - -c?
-3
In base 12, what is 17 + 30?
47
In base 2, what is -100000 + 100100111?
100000111
In base 3, what is 2220120 - -10?
2220200
In base 13, what is b2 - c?
a3
In base 2, what is -1010110100 - 10?
-1010110110
In base 14, what is 58a + 4?
590
In base 16, what is -65e - -1?
-65d
In base 3, what is 11 + 1222012?
1222100
In base 13, what is 199 + 3?
19c
In base 15, what is 5a8 + -2?
5a6
In base 6, what is -5 + -244?
-253
In base 6, what is -1 - -11015?
11014
In base 5, what is 1003 + 1014?
2022
In base 14, what is 195 + 20?
1b5
In base 6, what is -22 + 3504?
3442
In base 14, what is -2a - 15?
-41
In base 7, what is 16 - 101?
-52
In base 11, what is 9 + 15?
23
In base 9, what is -1 - -824?
823
In base 10, what is 0 - -569?
569
In base 14, what is 16 + 47?
5d
In base 7, what is -153 - -36?
-114
In base 16, what is -2f - -9?
-26
In base 7, what is -154 + -134?
-321
In base 7, what is 203 - -15?
221
In base 2, what is -101 + 100011011011?
100011010110
In base 4, what is 120 - 100?
20
In base 10, what is -14 - -22?
8
In base 10, what is -2 - -1337?
1335
In base 8, what is 116 - -210?
326
In base 8, what is 5 - 1?
4
In base 8, what is 4011 + 4?
4015
In base 10, what is -46 - 7?
-53
In base 9, what is -145 + -4?
-150
In base 11, what is -6303 - 3?
-6306
In base 8, what is -101 + 20?
-61
In base 8, what is 143 - -3?
146
In base 3, what is 11011 + -22?
10212
In base 11, what is 3260 - 2?
3259
In base 11, what is 10 - -196?
1a6
In base 10, what is 7 - 22?
-15
In base 4, what is -3 - -122?
113
In base 14, what is 3 - -ac?
b1
In base 6, what is 142 + 342?
524
In base 15, what is 2319 + -1?
2318
In base 2, what is -100111010100 + -10?
-100111010110
In base 16